*2. Determine s(l).
-4
Let j be (3/(-12))/((-2)/8). Let c be 4 - j/2*2. Suppose 0 = w + 3*m + 5, -c*w - 4*m - 21 = -6. Let f(b) = b**3 + 6*b**2 + 6*b. What is f(w)?
-5
Let k(y) = y**3 - 7*y**2 + 7*y - 4. Let m = 7 - 2. Suppose 2*g - 18 = -2*g + 2*d, -m*d = 4*g - 39. What is k(g)?
2
Let v(p) = -1 - 2*p**2 - 4*p + p + 0*p. Suppose 8 = 3*b - 2*f, 4*f - 4 = b + 10. Suppose -z - b = 2*z. Determine v(z).
-3
Let q(w) = 2*w. Suppose v + 3 = -3*z, -3*z + 0*z - 18 = -4*v. Suppose v*l - 24 + 3 = 0. Let p = l + -4. Calculate q(p).
6
Let c(g) = 5*g**2 + 0*g - 2*g - 4*g**2 + 1 + 3*g. Let b(q) = -4*q + 0 - q**2 - 5 + 1. Let s be b(-3). What is c(s)?
1
Let l(y) = 5*y + 0*y + 6*y - 19 - 10*y. What is l(0)?
-19
Suppose c - 3 = -0. Let s = 3 - c. Let z(k) be the second derivative of -k**5/20 - k**4/12 + k**3/6 - 2*k**2 - k. Determine z(s).
-4
Let v(p) = 15*p + 45. Let b(o) = -3*o - 9. Let t(x) = 24*b(x) + 5*v(x). Calculate t(-7).
-12
Let r = 7 + -10. Let m = -7 - -12. Let f(k) = 4*k - 4*k - 4 - k + m. Calculate f(r).
4
Let f(l) = 9*l**2 - 2*l + 1. Let a(p) = p**3 - 7*p + 2. Let s(z) = z**2 - 1. Let n(g) = a(g) - 5*s(g). Let r be n(6). Calculate f(r).
8
Let r(k) = k**3 - 4*k**2 - 5*k + 3. Let i be (-1 + -1)*5/(-2). Let a be r(i). Suppose -q + 19 = -a*z, -q + 1 = -2*z - 13. Let h(v) = -2*v - 4. Determine h(z).
6
Let a = 7 - 5. Let f(c) = 3*c + c**2 - 3 + 0*c**a - c. Let i be 24/(-9)*3/2. Give f(i).
5
Suppose 4*q + 5*i = -3, -2*i + 4*i = 5*q - 21. Let v(s) = s**3 - 3*s**2 - 2. What is v(q)?
-2
Let g(j) = 4 - 4 + j + 16 - 3. Suppose -4*y - 5 = 11. Let n be (y - -2) + (-8)/2. Determine g(n).
7
Let r(q) = -3*q**2 + 3*q - 1. Let p(b) = -5*b**2 + 5*b - 2. Let a(w) = -5*p(w) + 8*r(w). What is a(0)?
2
Let i = 29 + -20. Suppose -4*o = -i*n + 4*n - 13, n = -2*o + 3. Suppose o*u + 15 = 5*u. Let x(l) = l - 7. Give x(u).
-2
Let w(v) = -v**2 + 7*v - 5. Let r = 2 + 18. Let t be (6/15)/(2/r). What is w(t)?
7
Let x(i) = i + 1. Suppose -4*q + q + 6 = -4*l, l + 6 = 3*q. Suppose -m = -l*m. Determine x(m).
1
Let p = 20 + -24. Let d(i) = -i**2 - 3*i + 5. Give d(p).
1
Let w(k) = k - 1. Let n(i) = -i**2 - i. Let f(x) = -2*n(x) - 2*w(x). What is f(2)?
10
Let d(t) = 2*t**2 - 3*t - 4. Let f be d(3). Suppose u - 4 = f*u. Let q(h) be the second derivative of -h**4/12 - h**3/6 + 3*h. Give q(u).
0
Let a(c) = c**3 + 5*c**2 - 4*c + 5. Suppose -5*z - 15 = 5*q, 4*q + z + 10 = -4*z. What is a(q)?
25
Let k be 4/(-4*2/(-12)). Let x(f) = 2*f**2 - 2*f**2 - f**3 + 4*f**2 + k*f - 6. Let i(d) = d**3 + 7*d**2 + 5. Let j be i(-7). What is x(j)?
-1
Let q(f) = f + 3*f + 2 - 6*f. Let p(d) = d**2 + 7*d - 5. Let r be p(-8). Let y = r - 5. Calculate q(y).
6
Let i(v) = -v - 4 + 5 - 5*v**2 + 8*v**3 + 11*v**2 - 7*v**2. What is i(1)?
7
Let j(y) = y - 2. Suppose 2*i - 1 = -5. What is j(i)?
-4
Let k(z) = 6*z**2 + 3*z + 4. Let b(u) = u**2 + u + 1. Let o(x) = -4*b(x) + k(x). Suppose 3*d + 5*q = -8, -2*d + 4*q - 2 = -4. Give o(d).
3
Let r(s) = 8*s. Let y(b) = 7*b**2 + 8*b + b**3 - 7*b**2 + 9*b**2 + 1. Let q be y(-8). Give r(q).
8
Suppose -c + 7 = -2*w, c + c = -w - 1. Let u be 1/w - (-4)/(-6). Let z(v) be the second derivative of v**4/12 - v**3/6 + 4*v. Give z(u).
2
Let w(h) be the first derivative of -h**3/3 + 3*h**2 + 2*h + 14. Calculate w(6).
2
Let k(f) = -f**3 + 5*f**2 - f - 9. Let c be k(3). Let p(h) = 4 + h - 9*h + 1 + h**2. What is p(c)?
-7
Let v(q) = -7 - 6*q + q**2 + q**2 - 8*q**2 - q**3. Let r be (2 + -3)/(5/15). Let b(h) = -h**3 - 4*h**2 - 3*h - 5. Let l be b(r). Determine v(l).
-2
Let h(y) be the third derivative of -y**4/24 - y**3/3 - 2*y**2. Calculate h(0).
-2
Let l(a) = -a - 18309 + 18309. Let d be 2 + -1*(0 - -1). Give l(d).
-1
Suppose 6*y - 15 = y. Suppose 2*v - v + 3*z = -4, 2*v = -2*z. Let r(q) = 3 - 3*q**2 + 2*q - 3*q**v + 5*q**2. What is r(y)?
0
Let f be 3/9 + 5/(-15). Suppose f = -4*g + 4*k, 2*g + 0*k + 8 = -2*k. Let p(v) = 9*v + 3. What is p(g)?
-15
Suppose 12 = -5*b - 2*y + 2, 2*b - 2*y = -4. Let l(p) = p**2 - p - 1. Give l(b).
5
Let d(i) be the first derivative of -7 - 7/3*i**3 - 7/2*i**2 - 1/4*i**4 + 0*i. Suppose -o + 2*q = -3*q + 16, 2*o + 4*q + 4 = 0. Determine d(o).
6
Let v(b) be the third derivative of -b**6/120 - b**5/12 - b**4/8 + b**3/3 - b**2. Let q be (2 - 0)/((-2)/4). Calculate v(q).
-2
Let f(t) be the third derivative of -t**6/120 - t**5/60 - t**4/24 - 4*t**3/3 + 7*t**2. Give f(0).
-8
Let q be 40/(-12) + 2/(-3). Let d be 9/12 - (-3)/q. Let n(x) be the first derivative of -x**4/4 + x**3/3 - x**2/2 - 5*x + 1. Give n(d).
-5
Let c(b) be the first derivative of b**7/840 - b**5/120 - b**4/24 - b**3/3 + 2. Let f(i) be the third derivative of c(i). Calculate f(-1).
-1
Let m(p) = -15*p**2 - 9*p - 3. Let l(u) = 7*u**2 + 4*u + 1. Let o(r) = -13*l(r) - 6*m(r). Let s be (-4)/6*3/2. Let y = 3 - s. Give o(y).
-3
Suppose -2*n + 20 = 2*n. Let v(a) = 8 - 5*a**2 - 44*a**3 + a - 3 + 45*a**3. Calculate v(n).
10
Let u be ((-6)/5)/(6/(-15)). Let g(v) = v - 1 - u + 6 - 1. What is g(-2)?
-1
Let c(t) = 7*t**2 - 12*t - 12. Let i(w) = -3*w**2 + 6*w + 6. Let k(p) = 4*c(p) + 9*i(p). Let l(q) = -q**3 - 6*q**2 - 3*q + 6. Let v be l(-5). What is k(v)?
-2
Let m(u) = -2*u**2 + 4*u - 2. Let t(i) = -i**2 + 9*i - 15. Let h be t(6). Give m(h).
-8
Let l = 44 - 527/12. Let x(g) be the second derivative of 0*g**3 - 2*g + l*g**4 + 0 - 1/4*g**5 + 0*g**2. What is x(1)?
-4
Suppose -2*o - 28 = 5*f, 4*f + 4 = 3*f. Let v(i) be the third derivative of -i**5/60 - i**4/6 + i**3/3 + 6*i**2. Give v(o).
2
Let k(z) = 2*z + 24. Let g be k(-10). Let n(u) = -5*u - g + 4*u - u**2 - 6*u - 5*u**2 - u**3. Determine n(-5).
6
Let x(s) = 5*s - 4. Let o(l) = -l + 1. Let w(u) = 3*o(u) + x(u). Calculate w(6).
11
Suppose -2*m = -0*m + 8. Let h(i) = -i**3 - 3*i**2 + 6*i + 4. Determine h(m).
-4
Suppose 0 = 2*v + f + 4, 2*v + 8*f - 3*f - 12 = 0. Let p(k) = k**3 + 5*k**2 + 2*k - 5. Determine p(v).
3
Let s(z) = -8*z**2 - 1. Suppose -9*o = -7*o - 4. Suppose 5*m + 7 = 2*g - 6*g, 6 = -o*g. What is s(m)?
-9
Let z(o) = -o**3 + 13*o**2 + 7*o + 8. Let c(n) = -2*n**3 + 25*n**2 + 14*n + 16. Let t(r) = -6*c(r) + 11*z(r). Give t(8).
0
Let t(f) = -f**3 + f. Let g be t(0). Let d(w) = 4*w**2 + 0 - 1 - 5*w**2 + 2*w**3 + w - w**3. Calculate d(g).
-1
Suppose -2*f - 12 = 2*f - 4*d, 0 = d + 1. Let t(z) = z**3 + 2*z**2 - 6*z - 1. Give t(f).
-9
Let r = -2 + 6. Suppose 2*c + 6 = -2*b, -7*c + 4*b = -r*c - 5. Let w(z) = 8*z + 1. Give w(c).
-7
Let d(m) be the third derivative of 0 - 5*m**2 - 5/24*m**4 + 0*m - 1/6*m**3. What is d(2)?
-11
Let c(h) be the first derivative of h**4/4 - 2*h**3 + 5*h**2/2 - 3*h - 2. Determine c(5).
-3
Let n(h) = -2*h**2 - 2*h + 4. Let b be (12/30)/(2/(-20)). Let i(c) = -c + 5. Let a be i(6). Let z = b - a. What is n(z)?
-8
Let t(l) = l. Let x(o) = -3*o**2 + 3*o. Let z(q) = -4*t(q) + x(q). Give z(2).
-14
Suppose 3*g + 32 = 5*y + 10, -y = -4*g - 1. Let u(k) be the second derivative of 0*k**3 + 0 + 1/2*k**2 - 1/4*k**4 + 1/20*k**y + k. What is u(2)?
-3
Suppose -96*y + 103*y - 35 = 0. Let x(s) = s**2 + 5 + 0*s**2 - 4*s - 3*s. What is x(y)?
-5
Let q(w) = 3*w + 7. Let x(b) = 4*b + 6. Let m(p) = -3*q(p) + 2*x(p). Let l be 2 + -6 + 4 - 0/(-2). Determine m(l).
-9
Let x(s) = -4*s - 13. Let f(z) = -11*z - 38. Suppose -q = -0*q - 6. Let t(b) = q*f(b) - 17*x(b). Let r = 3 + 2. Give t(r).
3
Let v(c) be the third derivative of -6*c**2 - 1/12*c**4 - 1/120*c**6 + 0*c + 1/20*c**5 + 2/3*c**3 + 0. Give v(3).
-2
Let u(p) = 2*p + 10. Let d be u(-5). Let l(w) = 1 - 1 - 3*w + d + w**3 - 1 + w**2. What is l(-2)?
1
Let y be (-106)/13 + (-1)/(39/(-6)). Let s(d) = -d**3 - 7*d**2 + 8*d + 7. What is s(y)?
7
Let c(v) = v**2 + 3*v - 5. Let s(x) = -x**3 + x**2 - x. Let b be s(2). What is c(b)?
13
Let w = -1 - 1. Let s(l) = 3*l + 1. Let f be s(w). Let x(i) be the first derivative of -i**4/4 - 2*i**3 - 3*i**2/2 + 2*i + 3. Calculate x(f).
-8
Suppose -9*h + 39 = 12. Let s(p) = -p**2. Give s(h).
-9
Suppose -u + 1 + 1 = 0. Let f(p) = -2*p - 1 + u*p - p. Determine f(4).
-5
Let t(h) be the first derivative of h**3/3 + 4*h**2 + 10*h - 2. Determine t(-7).
3
Let s(w) be the first derivative of 5/2*w**2 + 0*w - 9 + 1/4*w**4 - 5/3*w**3. Give s(4).
4
Let a(w) = -7*w + 1 + 1 - 1. Let d(p) = 4 + 4 + p + 0. Let z be d(-7). What is a(z)?
-6
Suppose 0 = s + 41 - 43. Let g(w) = w**2 + 2*w - 3. Determine g(